 x(i) is divided by u.
10
Let a(b) = -2*b**2 + 103*b + 65. What is the remainder when a(24) is divided by 73?
71
Suppose 3*u - 14 = 4*n + n, -5*u = -2*n - 17. Let t be 3 + 3/(-3) - n. Suppose -17 + t = -w. Calculate the remainder when 55 is divided by w.
13
Suppose 3*w - 5 = -8, -2*d + 519 = -5*w. Calculate the remainder when d is divided by 37.
35
Calculate the remainder when 53 is divided by 24/(-10) + 252/5.
5
Suppose 3*p - 28 = -4. Let v(h) = -5*h - 2*h - 5 + 24 + 6*h. Calculate the remainder when v(p) is divided by 6.
5
Suppose 14*i = 18*i - 172. Calculate the remainder when 107 is divided by i.
21
Suppose 3*i - 297 = 3*d, d - 391 = -4*i + 6*d. What is the remainder when 1037 is divided by i?
101
Suppose -3*x - x + 56 = 0. Let f be 109*3/(-4 + 1). Let w = f + 163. Calculate the remainder when w is divided by x.
12
Let r(b) be the third derivative of b**6/120 + b**5/15 - b**4/8 - b**3/3 + 15*b**2. Calculate the remainder when r(-4) is divided by (-6)/(-5)*40/12.
2
Let k(g) = g**3 - 5*g**2 + 7*g + 3. Let r be k(4). Suppose 7*s = r*s - 88. What is the remainder when s is divided by 5?
1
Suppose 3*h = -5*m + 10, -5*h - 8 = 4*m - 3. What is the remainder when m is divided by 4?
1
Suppose -3*x + 4*x = -4*w + 15, 24 = x - 5*w. Let y = -45 - -75. Suppose 5*u - 2*j - y + 3 = 0, 4*j + 4 = 0. Calculate the remainder when x is divided by u.
4
Let x be 4/(-1) + 1 + 36. What is the remainder when 1305/99 - 6/x is divided by 5?
3
Suppose 5*u = -0*u - 20. What is the remainder when 48 is divided by ((-2)/(-4))/(-2*u/272)?
14
Suppose -s + 46 = -2. What is the remainder when 188 is divided by s?
44
Let j be (-2)/(-3) + 32/6. Let a(x) be the third derivative of 7*x**4/24 - x**3/3 - 47*x**2 - 2. Calculate the remainder when a(j) is divided by 21.
19
Let c(y) = y**3 + 2*y**2 + y. Let k be c(-2). Calculate the remainder when (0/k - 50)*-1 is divided by 13.
11
Suppose 2*p = -3*p - 35. Let d = p + 6. What is the remainder when 48 is divided by 3/d*(-75)/9?
23
Suppose 0 = -7*t + 6 + 43. Suppose -9*o + 20 = -t*o. Calculate the remainder when 16 is divided by o.
6
Suppose 4*l = 63 + 69. Let c = 7 + l. What is the remainder when c is divided by 11?
7
Let f = -394 + 429. Calculate the remainder when 65 is divided by f.
30
Let u = 1609 - 1255. What is the remainder when u is divided by 33?
24
Calculate the remainder when 531 is divided by 1*-13*25/(-25).
11
Let i be 3 - 1 - (2 + -23 + -2). What is the remainder when (i - 0) + 6/(-2) - -3 is divided by 13?
12
Suppose -50*u + 1599 = -9*u. What is the remainder when 179 is divided by u?
23
Let q = 55 + -45. Calculate the remainder when 68 is divided by q.
8
Let k = 202 + -159. Calculate the remainder when 170 is divided by k.
41
Let d(n) = n**2 + n + 4. Suppose -3*h + 4*v - 4 = 0, 3*h + 3*v + 12 = -6. Calculate the remainder when 59 is divided by d(h).
11
Let c(d) = -10*d - 8. Calculate the remainder when 51 is divided by c(-3).
7
Suppose 2*b - 130 = -3*s - 0*b, 0 = 2*s + 4*b - 76. Suppose 40 = 2*t + 2*p - 4*p, -4*p + 16 = 0. Calculate the remainder when s is divided by t.
22
Suppose 4*i - 9 = 3*j, 0*j - 4*j - i + 7 = 0. Let h(a) = 55*a**2 + 4*a - 3. What is the remainder when h(j) is divided by 19?
18
Let j = -20 + -10. Let s be (j/(-4))/(5/10). Let h = 35 - s. Calculate the remainder when 58 is divided by h.
18
Let g(j) = -j**2 - 23*j + 551. Calculate the remainder when 237 is divided by g(-36).
71
Suppose -3*y - 46*m + 38*m + 213 = 0, y - 4*m - 71 = 0. Calculate the remainder when y is divided by -25*(0 + -1) - 2.
2
Suppose 2*s + 104 = 3*s. Let b = s + 36. What is the remainder when b is divided by 29?
24
Suppose -6*r + 480 + 642 = 0. Suppose -r*d + 140 = -183*d. Calculate the remainder when 170 is divided by d.
30
Let p be (-4 - (3 - 10)) + 178. Suppose -4*u - 5*s = -98 - 73, -5*s = -4*u + p. Calculate the remainder when u is divided by 15.
14
Suppose -5*t = -0*t + 5*j - 200, 188 = 5*t + j. Let y = 309 + -200. What is the remainder when y is divided by t?
35
Let p(c) = -c**2 + c. Let k(v) = -4*v**2 + 12*v - 3. Let t(x) = k(x) - 3*p(x). Calculate the remainder when 57 is divided by t(3).
12
Let i = -12 + 23. Let v be (-1)/(4 + -5) - -1. Suppose -50 = -v*r + 14. What is the remainder when r is divided by i?
10
Suppose 0 = -2*l - 7 + 19. Calculate the remainder when (-51)/17 + -4 + 0 + 31 is divided by l.
0
Suppose u = -15*u + 23088. What is the remainder when u is divided by 38?
37
Suppose 0 = 5*q + 2*h - 400, -9*h + 7*h - 420 = -5*q. What is the remainder when 4181 is divided by q?
81
Suppose 221*h - 218*h = 78. What is the remainder when 181 is divided by h?
25
Let x(g) = g**3 + 3*g**2 - 3*g - 4. Let s be x(-5). Let t = s + 193. What is the remainder when t is divided by 1272/32 + 6/(-8)?
37
Suppose 111*g - 1056 = 95*g. Let u(c) = 2*c**2 - 7*c - 6. What is the remainder when g is divided by u(6)?
18
What is the remainder when ((-64)/96)/(((-2)/321)/1) is divided by 30?
17
Let v(c) = -c**2 + 8*c - 15. Let n be (-18)/(2/((-4)/3)). Let d be v(n). Let t = d - -169. What is the remainder when t is divided by 27?
25
Let s = 619 - 329. Suppose -3*l = 6*n - n - s, 0 = 2*n + 5*l - 116. Calculate the remainder when 170 is divided by n.
54
Let t be (2/6)/(6/198). Let z(s) = s + 7. Calculate the remainder when 33 is divided by z(t).
15
Suppose -50 = -3*c - 5*r - 12, -2*r = 3*c - 44. What is the remainder when 63 is divided by c?
15
Suppose -5*b + 4*b = -3*p + 22, 0 = 4*p - 20. Let f = 14 + b. Let c(x) = -x**2 + 10*x - 10. Calculate the remainder when c(f) is divided by 7.
4
Let m be 0 + 3 + -1 + -30. Let w = -140 - m. Calculate the remainder when -1*(w/4 + 3) is divided by 14.
11
Suppose -y + 41 = 3*h, 3*y - 5*h - 61 = 62. Calculate the remainder when 122 is divided by y.
40
Suppose 4*z + u - 3*u = 186, 0 = 2*u + 6. What is the remainder when z is divided by 20?
5
Let g = 9 - -73. Let x = g + -138. Calculate the remainder when 53 is divided by (x/(-12))/((-2)/(-6)).
11
Let t(q) = 2*q**2 - 6*q - 29. Let f(c) = -2*c**2 + 5*c + 29. Let u(s) = -4*f(s) - 3*t(s). What is the remainder when u(11) is divided by 32?
31
Suppose 3*r = 580 + 170. Calculate the remainder when r is divided by 14.
12
What is the remainder when 72 is divided by ((-93)/(-4))/(33/44)?
10
Let r(k) = -k**2 - 7*k + 2. What is the remainder when 20*(144/(-15) - -7 - -3) is divided by r(-7)?
0
Suppose -18 = -l + 2*i, -i = 3*l - 10 - 9. What is the remainder when 29 is divided by l?
5
Let r(v) = v**2 - 25. Calculate the remainder when 62 is divided by r(8).
23
Let s(k) = -k**3 + 18*k**2 - 15*k - 21. Let f = -16 - -22. Suppose -5*n + f + 9 = 0. What is the remainder when s(17) is divided by n?
1
Let c be ((-4)/6)/(10/15). Let g be (c - 0)/(8/112). Let a = -4 - g. Calculate the remainder when a is divided by 6.
4
Let s(d) = -d + 22. Let g(a) = 7*a**2 - 3*a + 2. Calculate the remainder when g(2) is divided by s(9).
11
Suppose -12*z - 2*b = -10*z - 510, 5*z = 2*b + 1296. What is the remainder when z is divided by 60?
18
Let k be -46*(5/(-2) + 2). Let b = k - 27. Let x = b - -8. What is the remainder when 9 is divided by x?
1
Suppose -7*r + 24*r = 187. What is the remainder when 48 is divided by r?
4
Let k(r) = r**2 + 10*r + 7. Let f be k(-10). What is the remainder when 83 is divided by (-22)/f*(-13 + 6)?
17
Let a(l) = l**3 + 10*l**2 + l + 36. Calculate the remainder when 1504 is divided by a(-10).
22
Suppose -95 + 847 = 35*l - 1628. Let j = 3 + 0. Suppose 52 = j*v + v + 5*a, 20 = 2*v + 4*a. What is the remainder when l is divided by v?
14
Suppose -c = 2*q - 29, 0 = 3*q + 3*c - 45. Calculate the remainder when 1 + 1 + -2 + 51 is divided by q.
9
Let j(k) = -k**2 - 14*k - 6. Let r(t) = -10*t**2 - t. Let b be r(1). What is the remainder when j(b) is divided by 15?
12
Let c = -38 + 29. Let i = 55 - 38. Calculate the remainder when i is divided by 3/1*(c + 12).
8
Suppose -5*t - 2*y + 81 = 0, -5*y + 12 = 3*t - 48. Calculate the remainder when 66 is divided by t.
6
Let j(w) = w**3 - 21*w**2 - 44*w - 29. Let m be j(23). Let r(p) = 3*p - 12. What is the remainder when r(m) is divided by 14?
11
Let w = 1818 + -1600. What is the remainder when 446 is divided by w?
10
Suppose -19 + 1 = -9*t. Suppose 2*i - 48 = -t*i. What is the remainder when 45 is divided by i?
9
Suppose -1 = -2